{"id":21036,"date":"2022-06-18T10:11:26","date_gmt":"2022-06-18T10:11:26","guid":{"rendered":"https:\/\/demo.flawlessthemes.com\/jobstack\/index.php\/tos\/"},"modified":"2026-04-05T19:16:37","modified_gmt":"2026-04-05T19:16:37","slug":"tos","status":"publish","type":"page","link":"https:\/\/emprego.lobitowebsite.com\/?page_id=21036","title":{"rendered":"Termos de Servi\u00e7o"},"content":{"rendered":"<h2 data-path-to-node=\"2\"><b style=\"font-size: 16px;\" data-path-to-node=\"3\" data-index-in-node=\"0\">\u00daltima Atualiza\u00e7\u00e3o:<\/b><span style=\"font-size: 16px;\"> 05 de Abril de 2026<\/span><\/h2>\n<h3 data-path-to-node=\"4\">1. Aceita\u00e7\u00e3o dos Termos<\/h3>\n<p data-path-to-node=\"5\">Ao aceder ou utilizar o <b data-path-to-node=\"20\" data-index-in-node=\"40\">lobitowebsite.com<\/b>\u00a0(o &#8220;Site&#8221;), o utilizador concorda em ficar vinculado a estes Termos de Servi\u00e7o. Se n\u00e3o concordar com todos estes termos, n\u00e3o utilize este Site.<\/p>\n<h3 data-path-to-node=\"6\">2. Servi\u00e7os Prestados<\/h3>\n<p data-path-to-node=\"7\">O <b data-path-to-node=\"20\" data-index-in-node=\"40\">lobitowebsite.com <\/b>fornece uma plataforma para ligar candidatos a emprego (&#8220;Candidatos&#8221;) e empregadores ou recrutadores (&#8220;Empregadores&#8221;). N\u00e3o garantimos emprego aos Candidatos nem a adequa\u00e7\u00e3o dos Candidatos aos Empregadores.<\/p>\n<h3 data-path-to-node=\"8\">3. Contas de Utilizador<\/h3>\n<ul data-path-to-node=\"9\">\n<li>\n<p data-path-to-node=\"9,0,0\"><b data-path-to-node=\"9,0,0\" data-index-in-node=\"0\">Exatid\u00e3o:<\/b> O utilizador concorda em fornecer informa\u00e7\u00f5es precisas, atuais e completas durante o processo de registo.<\/p>\n<\/li>\n<li>\n<p data-path-to-node=\"9,1,0\"><b data-path-to-node=\"9,1,0\" data-index-in-node=\"0\">Seguran\u00e7a:<\/b> O utilizador \u00e9 respons\u00e1vel por manter a confidencialidade das suas credenciais de conta.<\/p>\n<\/li>\n<li>\n<p data-path-to-node=\"9,2,0\"><b data-path-to-node=\"9,2,0\" data-index-in-node=\"0\">Elegibilidade:<\/b> Deve ter pelo menos 18 anos de idade (ou a idade legal de maioridade na sua jurisdi\u00e7\u00e3o) para utilizar este Site.<\/p>\n<\/li>\n<\/ul>\n<h3 data-path-to-node=\"10\">4. Regras para Candidatos<\/h3>\n<ul data-path-to-node=\"11\">\n<li>\n<p data-path-to-node=\"11,0,0\">O seu perfil e curr\u00edculo devem ser verdadeiros e representar fielmente a sua experi\u00eancia.<\/p>\n<\/li>\n<li>\n<p data-path-to-node=\"11,1,0\">N\u00e3o pode utilizar o Site para enviar spam ou comunica\u00e7\u00f5es n\u00e3o solicitadas aos Empregadores.<\/p>\n<\/li>\n<\/ul>\n<h3 data-path-to-node=\"12\">5. Regras para Empregadores<\/h3>\n<ul data-path-to-node=\"13\">\n<li>\n<p data-path-to-node=\"13,0,0\">As ofertas de emprego devem ser para posi\u00e7\u00f5es leg\u00edtimas e atualmente dispon\u00edveis.<\/p>\n<\/li>\n<li>\n<p data-path-to-node=\"13,1,0\">N\u00e3o pode publicar ofertas que exijam um investimento inicial ou que estejam relacionadas com atividades ilegais.<\/p>\n<\/li>\n<li>\n<p data-path-to-node=\"13,2,0\">O utilizador concorda em tratar os dados dos Candidatos com confidencialidade e em conformidade com as leis de prote\u00e7\u00e3o de dados (ex: RGPD).<\/p>\n<\/li>\n<\/ul>\n<h3 data-path-to-node=\"14\">6. Conduta Proibida<\/h3>\n<p data-path-to-node=\"15\">Os utilizadores concordam em <b data-path-to-node=\"15\" data-index-in-node=\"29\">n\u00e3o<\/b>:<\/p>\n<ul data-path-to-node=\"16\">\n<li>\n<p data-path-to-node=\"16,0,0\">Publicar conte\u00fado difamat\u00f3rio, obsceno ou ofensivo.<\/p>\n<\/li>\n<li>\n<p data-path-to-node=\"16,1,0\">Utilizar scripts automatizados (<i data-path-to-node=\"16,1,0\" data-index-in-node=\"32\">scrapers<\/i>) para recolher dados do Site sem permiss\u00e3o.<\/p>\n<\/li>\n<li>\n<p data-path-to-node=\"16,2,0\">Tentar interferir com o funcionamento adequado do Site ou contornar medidas de seguran\u00e7a.<\/p>\n<\/li>\n<\/ul>\n<h3 data-path-to-node=\"17\">7. Propriedade Intelectual<\/h3>\n<p data-path-to-node=\"18\">Todo o conte\u00fado, log\u00f3tipos e software no Site s\u00e3o propriedade do <b data-path-to-node=\"20\" data-index-in-node=\"40\">lobitowebsite.com <\/b>ou dos seus licenciadores e est\u00e3o protegidos por leis de direitos de autor e marcas registadas.<\/p>\n<h3 data-path-to-node=\"19\">8. Limita\u00e7\u00e3o de Responsabilidade<\/h3>\n<p data-path-to-node=\"20\">Na extens\u00e3o m\u00e1xima permitida por lei, o <b data-path-to-node=\"20\" data-index-in-node=\"40\">lobitowebsite.com<\/b> n\u00e3o ser\u00e1 respons\u00e1vel por quaisquer danos indiretos, incidentais ou consequentes resultantes do uso ou da incapacidade de usar o Site, incluindo, mas n\u00e3o se limitando a, perda de dados ou perda de oportunidades de emprego.<\/p>\n<h3 data-path-to-node=\"21\">9. Rescis\u00e3o<\/h3>\n<p data-path-to-node=\"22\">Reservamo-nos o direito de suspender ou encerrar a sua conta a qualquer momento, sem aviso pr\u00e9vio, se acreditarmos que violou estes Termos.<\/p>\n<h3 data-path-to-node=\"23\">10. Lei Aplic\u00e1vel<\/h3>\n<p data-path-to-node=\"24\">Estes termos s\u00e3o regidos pelas leis Angolanas. Quaisquer lit\u00edgios ser\u00e3o resolvidos nos tribunais do Lobito.<\/p>\n<h3 data-path-to-node=\"25\">11. Altera\u00e7\u00f5es aos Termos<\/h3>\n<p data-path-to-node=\"26\">Podemos atualizar estes termos periodicamente. A continua\u00e7\u00e3o da utiliza\u00e7\u00e3o do Site ap\u00f3s a publica\u00e7\u00e3o das altera\u00e7\u00f5es constitui a aceita\u00e7\u00e3o dos novos termos.<\/p>\n","protected":false},"excerpt":{"rendered":"<p>\u00daltima Atualiza\u00e7\u00e3o: 05 de Abril de 2026 1. Aceita\u00e7\u00e3o dos Termos Ao aceder ou utilizar o lobitowebsite.com\u00a0(o &#8220;Site&#8221;), o utilizador concorda em ficar vinculado a &hellip; <\/p>\n","protected":false},"author":1,"featured_media":0,"parent":0,"menu_order":0,"comment_status":"closed","ping_status":"closed","template":"","meta":{"footnotes":""},"class_list":["post-21036","page","type-page","status-publish","hentry"],"_links":{"self":[{"href":"https:\/\/emprego.lobitowebsite.com\/index.php?rest_route=\/wp\/v2\/pages\/21036","targetHints":{"allow":["GET"]}}],"collection":[{"href":"https:\/\/emprego.lobitowebsite.com\/index.php?rest_route=\/wp\/v2\/pages"}],"about":[{"href":"https:\/\/emprego.lobitowebsite.com\/index.php?rest_route=\/wp\/v2\/types\/page"}],"author":[{"embeddable":true,"href":"https:\/\/emprego.lobitowebsite.com\/index.php?rest_route=\/wp\/v2\/users\/1"}],"replies":[{"embeddable":true,"href":"https:\/\/emprego.lobitowebsite.com\/index.php?rest_route=%2Fwp%2Fv2%2Fcomments&post=21036"}],"version-history":[{"count":2,"href":"https:\/\/emprego.lobitowebsite.com\/index.php?rest_route=\/wp\/v2\/pages\/21036\/revisions"}],"predecessor-version":[{"id":21155,"href":"https:\/\/emprego.lobitowebsite.com\/index.php?rest_route=\/wp\/v2\/pages\/21036\/revisions\/21155"}],"wp:attachment":[{"href":"https:\/\/emprego.lobitowebsite.com\/index.php?rest_route=%2Fwp%2Fv2%2Fmedia&parent=21036"}],"curies":[{"name":"wp","href":"https:\/\/api.w.org\/{rel}","templated":true}]}}